{"id":123,"date":"2023-11-09T09:29:52","date_gmt":"2023-11-09T08:29:52","guid":{"rendered":"https:\/\/brunnsvatten-test.sgs.net\/?page_id=123"},"modified":"2023-11-09T09:31:51","modified_gmt":"2023-11-09T08:31:51","slug":"om-oss","status":"publish","type":"page","link":"https:\/\/brunnsvatten.sgs.com\/index.php\/om-oss\/","title":{"rendered":"Om oss"},"content":{"rendered":"\n<h2 class=\"wp-block-heading\">Om oss<\/h2>\n\n\n\n<figure class=\"wp-block-image alignright\"><img decoding=\"async\" src=\"http:\/\/brunnsvatten.se\/wp-content\/uploads\/2022\/09\/om-oss.jpg\" alt=\"\" class=\"wp-image-17649\"\/><\/figure>\n\n\n\n<p><strong>Brunnsvatten.se<\/strong>&nbsp;ing\u00e5r i f\u00f6retaget SGS Analytics Sweden AB&nbsp;som \u00e4r en del av koncernen&nbsp;<strong>SGS Group<\/strong>&nbsp;(Soci\u00e9t\u00e9 G\u00e9n\u00e9rale de Surveillance). SGS grundades i Rouen, Frankrike 1878 och \u00e4r idag en av v\u00e4rldens st\u00f6rsta laboratoriekoncerner. Ett multinationellt f\u00f6retag och varum\u00e4rke som finns i \u00f6ver hela v\u00e4rlden, med fler \u00e4n 2600 kontor och laboratorier med \u00f6ver 90.000 anst\u00e4llda.<\/p>\n\n\n\n<p>V\u00e5r start b\u00f6rjade i mitten av 80-talet med f\u00f6retaget&nbsp;<strong>KM Lab<\/strong>&nbsp;och&nbsp;<strong>Svelab<\/strong>.<br>1999\/2000 f\u00f6rv\u00e4rvade&nbsp;<strong>Alcontrol Laboratories<\/strong>&nbsp;dessa bolag och vi blev en del av ALcontrol.<br>2018 blev ALcontrol uppk\u00f6pta av den multinationella koncernen&nbsp;<strong>SYNLAB<\/strong>.<br>2021 tog&nbsp;<strong>SGS Group<\/strong>&nbsp;(Soci\u00e9t\u00e9 G\u00e9n\u00e9rale de Surveillance SA) \u00f6ver laboratorierna i Sverige och bildade&nbsp;<strong>SGS Analytics Sweden AB,<\/strong>&nbsp;som vi idag heter.<br>I Sverige har vi fyra laboratorier bel\u00e4gna i Malm\u00f6, Link\u00f6ping, Karlstad och Ume\u00e5 och \u00e4r ca 360 anst\u00e4llda. Till det har vi provtagningskontor runt om i Sverige f\u00f6r att serva v\u00e5ra kunder med avancerade vatten och milj\u00f6 provtagning.<\/p>\n\n\n\n<p>Samtliga laboratorier \u00e4r&nbsp;<a href=\"https:\/\/brunnsvatten.se\/ackreditering\/\"><strong>ackrediterade<\/strong>&nbsp;<\/a>och de analyser som vi utf\u00f6r \u00e4r kvalitetss\u00e4krade in i minsta detalj.<br>V\u00e5ra kunder str\u00e4cker sig fr\u00e5n industriella vattenverk, milj\u00f6kontor, milj\u00f6konsulter, livsmedelsindustrier till privatpersoner och samf\u00e4lligheter.<\/p>\n\n\n\n<p>Avseende brunnsvatten har vi analyserat hundratusentals prov under f\u00f6retagets historia. Vi har expertkunskap inom omr\u00e5det och levererar alltid tillf\u00f6rlitliga resultat.<br>SGS Analytics Sweden erbjuder \u00e4ven avloppsvattenanalyser genom&nbsp;<a href=\"https:\/\/avloppsvatten.se\/\" target=\"_blank\" rel=\"noreferrer noopener\">avloppsvatten.se<\/a>&nbsp;och vildsvinsanalyser genom&nbsp;<a href=\"https:\/\/vildsvinsanalys.se\/\" target=\"_blank\" rel=\"noreferrer noopener\">vildsvinsanalys.se<\/a><\/p>\n\n\n\n<p><em><strong>Anlitar man SGS, kan man lita p\u00e5 att man f\u00e5r kvalitetss\u00e4krade och trov\u00e4rdiga analysresultat.<\/strong><\/em><\/p>\n\n\n\n<p>F\u00f6r mer information om SGS Analytics Sweden AB:&nbsp;<a href=\"https:\/\/sgs.com\/analytics-se\" target=\"_blank\" rel=\"noreferrer noopener\">https:\/\/sgs.com\/analytics-se<\/a><\/p>\n","protected":false},"excerpt":{"rendered":"<p>Om oss Brunnsvatten.se&nbsp;ing\u00e5r i f\u00f6retaget SGS Analytics Sweden AB&nbsp;som \u00e4r en del av koncernen&nbsp;SGS Group&nbsp;(Soci\u00e9t\u00e9 G\u00e9n\u00e9rale de Surveillance). SGS grundades i Rouen, Frankrike 1878 och \u00e4r idag en av v\u00e4rldens st\u00f6rsta laboratoriekoncerner. Ett multinationellt f\u00f6retag och varum\u00e4rke som finns i \u00f6ver hela v\u00e4rlden, med fler \u00e4n 2600 kontor och laboratorier med \u00f6ver 90.000 anst\u00e4llda. V\u00e5r [&hellip;]<\/p>\n","protected":false},"author":1,"featured_media":0,"parent":0,"menu_order":0,"comment_status":"closed","ping_status":"closed","template":"","meta":{"footnotes":""},"class_list":["post-123","page","type-page","status-publish","hentry"],"blocksy_meta":[],"yoast_head":"<!-- This site is optimized with the Yoast SEO plugin v27.3 - https:\/\/yoast.com\/product\/yoast-seo-wordpress\/ -->\r\n<title>Om oss<\/title>\r\n<meta name=\"robots\" content=\"index, follow, max-snippet:-1, max-image-preview:large, max-video-preview:-1\" \/>\r\n<link rel=\"canonical\" href=\"https:\/\/brunnsvatten.sgs.com\/index.php\/om-oss\/\" \/>\r\n<meta property=\"og:locale\" content=\"sv_SE\" \/>\r\n<meta property=\"og:type\" content=\"article\" \/>\r\n<meta property=\"og:title\" content=\"Om oss\" \/>\r\n<meta property=\"og:description\" content=\"Om oss Brunnsvatten.se&nbsp;ing\u00e5r i f\u00f6retaget SGS Analytics Sweden AB&nbsp;som \u00e4r en del av koncernen&nbsp;SGS Group&nbsp;(Soci\u00e9t\u00e9 G\u00e9n\u00e9rale de Surveillance). SGS grundades i Rouen, Frankrike 1878 och \u00e4r idag en av v\u00e4rldens st\u00f6rsta laboratoriekoncerner. Ett multinationellt f\u00f6retag och varum\u00e4rke som finns i \u00f6ver hela v\u00e4rlden, med fler \u00e4n 2600 kontor och laboratorier med \u00f6ver 90.000 anst\u00e4llda. V\u00e5r [&hellip;]\" \/>\r\n<meta property=\"og:url\" content=\"https:\/\/brunnsvatten.sgs.com\/index.php\/om-oss\/\" \/>\r\n<meta property=\"og:site_name\" content=\"Brunnsvatten\" \/>\r\n<meta property=\"article:publisher\" content=\"https:\/\/www.facebook.com\/Brunnsvatten\" \/>\r\n<meta property=\"article:modified_time\" content=\"2023-11-09T08:31:51+00:00\" \/>\r\n<meta property=\"og:image\" content=\"http:\/\/brunnsvatten.se\/wp-content\/uploads\/2022\/09\/om-oss.jpg\" \/>\r\n<meta name=\"twitter:card\" content=\"summary_large_image\" \/>\r\n<meta name=\"twitter:label1\" content=\"Ber\u00e4knad l\u00e4stid\" \/>\n\t<meta name=\"twitter:data1\" content=\"1 minut\" \/>\r\n<script type=\"application\/ld+json\" class=\"yoast-schema-graph\">{\"@context\":\"https:\\\/\\\/schema.org\",\"@graph\":[{\"@type\":\"WebPage\",\"@id\":\"https:\\\/\\\/brunnsvatten.sgs.com\\\/index.php\\\/om-oss\\\/\",\"url\":\"https:\\\/\\\/brunnsvatten.sgs.com\\\/index.php\\\/om-oss\\\/\",\"name\":\"Om oss\",\"isPartOf\":{\"@id\":\"https:\\\/\\\/brunnsvatten.sgs.com\\\/#website\"},\"primaryImageOfPage\":{\"@id\":\"https:\\\/\\\/brunnsvatten.sgs.com\\\/index.php\\\/om-oss\\\/#primaryimage\"},\"image\":{\"@id\":\"https:\\\/\\\/brunnsvatten.sgs.com\\\/index.php\\\/om-oss\\\/#primaryimage\"},\"thumbnailUrl\":\"http:\\\/\\\/brunnsvatten.se\\\/wp-content\\\/uploads\\\/2022\\\/09\\\/om-oss.jpg\",\"datePublished\":\"2023-11-09T08:29:52+00:00\",\"dateModified\":\"2023-11-09T08:31:51+00:00\",\"breadcrumb\":{\"@id\":\"https:\\\/\\\/brunnsvatten.sgs.com\\\/index.php\\\/om-oss\\\/#breadcrumb\"},\"inLanguage\":\"sv-SE\",\"potentialAction\":[{\"@type\":\"ReadAction\",\"target\":[\"https:\\\/\\\/brunnsvatten.sgs.com\\\/index.php\\\/om-oss\\\/\"]}]},{\"@type\":\"ImageObject\",\"inLanguage\":\"sv-SE\",\"@id\":\"https:\\\/\\\/brunnsvatten.sgs.com\\\/index.php\\\/om-oss\\\/#primaryimage\",\"url\":\"http:\\\/\\\/brunnsvatten.se\\\/wp-content\\\/uploads\\\/2022\\\/09\\\/om-oss.jpg\",\"contentUrl\":\"http:\\\/\\\/brunnsvatten.se\\\/wp-content\\\/uploads\\\/2022\\\/09\\\/om-oss.jpg\"},{\"@type\":\"BreadcrumbList\",\"@id\":\"https:\\\/\\\/brunnsvatten.sgs.com\\\/index.php\\\/om-oss\\\/#breadcrumb\",\"itemListElement\":[{\"@type\":\"ListItem\",\"position\":1,\"name\":\"Home\",\"item\":\"https:\\\/\\\/brunnsvatten.sgs.com\\\/\"},{\"@type\":\"ListItem\",\"position\":2,\"name\":\"Om oss\"}]},{\"@type\":\"WebSite\",\"@id\":\"https:\\\/\\\/brunnsvatten.sgs.com\\\/#website\",\"url\":\"https:\\\/\\\/brunnsvatten.sgs.com\\\/\",\"name\":\"Brunnsvatten: SGS Webbshop\",\"description\":\"Vatten \u00e4r ett av v\u00e5ra viktigaste livsmedel och vi p\u00e5 SGS vill g\u00f6ra det tryggt f\u00f6r alla att dricka sitt vatten.\",\"publisher\":{\"@id\":\"https:\\\/\\\/brunnsvatten.sgs.com\\\/#organization\"},\"alternateName\":\"Brunnsvatten\",\"potentialAction\":[{\"@type\":\"SearchAction\",\"target\":{\"@type\":\"EntryPoint\",\"urlTemplate\":\"https:\\\/\\\/brunnsvatten.sgs.com\\\/?s={search_term_string}\"},\"query-input\":{\"@type\":\"PropertyValueSpecification\",\"valueRequired\":true,\"valueName\":\"search_term_string\"}}],\"inLanguage\":\"sv-SE\"},{\"@type\":\"Organization\",\"@id\":\"https:\\\/\\\/brunnsvatten.sgs.com\\\/#organization\",\"name\":\"SGS Analytics Sweden AB\",\"url\":\"https:\\\/\\\/brunnsvatten.sgs.com\\\/\",\"logo\":{\"@type\":\"ImageObject\",\"inLanguage\":\"sv-SE\",\"@id\":\"https:\\\/\\\/brunnsvatten.sgs.com\\\/#\\\/schema\\\/logo\\\/image\\\/\",\"url\":\"https:\\\/\\\/brunnsvatten.sgs.com\\\/wp-content\\\/uploads\\\/2023\\\/10\\\/SGS_brunnsvatten.png\",\"contentUrl\":\"https:\\\/\\\/brunnsvatten.sgs.com\\\/wp-content\\\/uploads\\\/2023\\\/10\\\/SGS_brunnsvatten.png\",\"width\":651,\"height\":78,\"caption\":\"SGS Analytics Sweden AB\"},\"image\":{\"@id\":\"https:\\\/\\\/brunnsvatten.sgs.com\\\/#\\\/schema\\\/logo\\\/image\\\/\"},\"sameAs\":[\"https:\\\/\\\/www.facebook.com\\\/Brunnsvatten\"]}]}<\/script>\r\n<!-- \/ Yoast SEO plugin. -->","yoast_head_json":{"title":"Om oss","robots":{"index":"index","follow":"follow","max-snippet":"max-snippet:-1","max-image-preview":"max-image-preview:large","max-video-preview":"max-video-preview:-1"},"canonical":"https:\/\/brunnsvatten.sgs.com\/index.php\/om-oss\/","og_locale":"sv_SE","og_type":"article","og_title":"Om oss","og_description":"Om oss Brunnsvatten.se&nbsp;ing\u00e5r i f\u00f6retaget SGS Analytics Sweden AB&nbsp;som \u00e4r en del av koncernen&nbsp;SGS Group&nbsp;(Soci\u00e9t\u00e9 G\u00e9n\u00e9rale de Surveillance). SGS grundades i Rouen, Frankrike 1878 och \u00e4r idag en av v\u00e4rldens st\u00f6rsta laboratoriekoncerner. Ett multinationellt f\u00f6retag och varum\u00e4rke som finns i \u00f6ver hela v\u00e4rlden, med fler \u00e4n 2600 kontor och laboratorier med \u00f6ver 90.000 anst\u00e4llda. V\u00e5r [&hellip;]","og_url":"https:\/\/brunnsvatten.sgs.com\/index.php\/om-oss\/","og_site_name":"Brunnsvatten","article_publisher":"https:\/\/www.facebook.com\/Brunnsvatten","article_modified_time":"2023-11-09T08:31:51+00:00","og_image":[{"url":"http:\/\/brunnsvatten.se\/wp-content\/uploads\/2022\/09\/om-oss.jpg","type":"","width":"","height":""}],"twitter_card":"summary_large_image","twitter_misc":{"Ber\u00e4knad l\u00e4stid":"1 minut"},"schema":{"@context":"https:\/\/schema.org","@graph":[{"@type":"WebPage","@id":"https:\/\/brunnsvatten.sgs.com\/index.php\/om-oss\/","url":"https:\/\/brunnsvatten.sgs.com\/index.php\/om-oss\/","name":"Om oss","isPartOf":{"@id":"https:\/\/brunnsvatten.sgs.com\/#website"},"primaryImageOfPage":{"@id":"https:\/\/brunnsvatten.sgs.com\/index.php\/om-oss\/#primaryimage"},"image":{"@id":"https:\/\/brunnsvatten.sgs.com\/index.php\/om-oss\/#primaryimage"},"thumbnailUrl":"http:\/\/brunnsvatten.se\/wp-content\/uploads\/2022\/09\/om-oss.jpg","datePublished":"2023-11-09T08:29:52+00:00","dateModified":"2023-11-09T08:31:51+00:00","breadcrumb":{"@id":"https:\/\/brunnsvatten.sgs.com\/index.php\/om-oss\/#breadcrumb"},"inLanguage":"sv-SE","potentialAction":[{"@type":"ReadAction","target":["https:\/\/brunnsvatten.sgs.com\/index.php\/om-oss\/"]}]},{"@type":"ImageObject","inLanguage":"sv-SE","@id":"https:\/\/brunnsvatten.sgs.com\/index.php\/om-oss\/#primaryimage","url":"http:\/\/brunnsvatten.se\/wp-content\/uploads\/2022\/09\/om-oss.jpg","contentUrl":"http:\/\/brunnsvatten.se\/wp-content\/uploads\/2022\/09\/om-oss.jpg"},{"@type":"BreadcrumbList","@id":"https:\/\/brunnsvatten.sgs.com\/index.php\/om-oss\/#breadcrumb","itemListElement":[{"@type":"ListItem","position":1,"name":"Home","item":"https:\/\/brunnsvatten.sgs.com\/"},{"@type":"ListItem","position":2,"name":"Om oss"}]},{"@type":"WebSite","@id":"https:\/\/brunnsvatten.sgs.com\/#website","url":"https:\/\/brunnsvatten.sgs.com\/","name":"Brunnsvatten: SGS Webbshop","description":"Vatten \u00e4r ett av v\u00e5ra viktigaste livsmedel och vi p\u00e5 SGS vill g\u00f6ra det tryggt f\u00f6r alla att dricka sitt vatten.","publisher":{"@id":"https:\/\/brunnsvatten.sgs.com\/#organization"},"alternateName":"Brunnsvatten","potentialAction":[{"@type":"SearchAction","target":{"@type":"EntryPoint","urlTemplate":"https:\/\/brunnsvatten.sgs.com\/?s={search_term_string}"},"query-input":{"@type":"PropertyValueSpecification","valueRequired":true,"valueName":"search_term_string"}}],"inLanguage":"sv-SE"},{"@type":"Organization","@id":"https:\/\/brunnsvatten.sgs.com\/#organization","name":"SGS Analytics Sweden AB","url":"https:\/\/brunnsvatten.sgs.com\/","logo":{"@type":"ImageObject","inLanguage":"sv-SE","@id":"https:\/\/brunnsvatten.sgs.com\/#\/schema\/logo\/image\/","url":"https:\/\/brunnsvatten.sgs.com\/wp-content\/uploads\/2023\/10\/SGS_brunnsvatten.png","contentUrl":"https:\/\/brunnsvatten.sgs.com\/wp-content\/uploads\/2023\/10\/SGS_brunnsvatten.png","width":651,"height":78,"caption":"SGS Analytics Sweden AB"},"image":{"@id":"https:\/\/brunnsvatten.sgs.com\/#\/schema\/logo\/image\/"},"sameAs":["https:\/\/www.facebook.com\/Brunnsvatten"]}]}},"_links":{"self":[{"href":"https:\/\/brunnsvatten.sgs.com\/index.php\/wp-json\/wp\/v2\/pages\/123","targetHints":{"allow":["GET"]}}],"collection":[{"href":"https:\/\/brunnsvatten.sgs.com\/index.php\/wp-json\/wp\/v2\/pages"}],"about":[{"href":"https:\/\/brunnsvatten.sgs.com\/index.php\/wp-json\/wp\/v2\/types\/page"}],"author":[{"embeddable":true,"href":"https:\/\/brunnsvatten.sgs.com\/index.php\/wp-json\/wp\/v2\/users\/1"}],"replies":[{"embeddable":true,"href":"https:\/\/brunnsvatten.sgs.com\/index.php\/wp-json\/wp\/v2\/comments?post=123"}],"version-history":[{"count":2,"href":"https:\/\/brunnsvatten.sgs.com\/index.php\/wp-json\/wp\/v2\/pages\/123\/revisions"}],"predecessor-version":[{"id":126,"href":"https:\/\/brunnsvatten.sgs.com\/index.php\/wp-json\/wp\/v2\/pages\/123\/revisions\/126"}],"wp:attachment":[{"href":"https:\/\/brunnsvatten.sgs.com\/index.php\/wp-json\/wp\/v2\/media?parent=123"}],"curies":[{"name":"wp","href":"https:\/\/api.w.org\/{rel}","templated":true}]}}