{"id":151,"date":"2023-11-09T10:19:12","date_gmt":"2023-11-09T09:19:12","guid":{"rendered":"https:\/\/brunnsvatten-test.sgs.net\/?page_id=151"},"modified":"2025-03-31T06:31:02","modified_gmt":"2025-03-31T04:31:02","slug":"provtagning","status":"publish","type":"page","link":"https:\/\/brunnsvatten.sgs.com\/index.php\/provtagning\/","title":{"rendered":"Provtagning"},"content":{"rendered":"\n<h1 class=\"wp-block-heading\">Provtagning<\/h1>\n\n\n\n<p>H\u00e4r beskrivs de olika stegen i en provtagningscykel.<\/p>\n\n\n\n<h2 class=\"wp-block-heading\"><strong>1) V\u00e4lj de analyspaket du vill ha analyserade<\/strong><\/h2>\n\n\n\n<p>P\u00e5<strong>&nbsp;<a href=\"http:\/\/brunnsvatten.se\/\">brunnsvatten.se<\/a><\/strong>&nbsp;v\u00e4ljer du analyser, uppger leveransadress f\u00f6r&nbsp;provmaterial och anger var brunnen \u00e4r bel\u00e4gen.&nbsp;Du kan \u00e4ven g\u00f6ra en samh\u00e4llsinsats och till\u00e5ta att kopia av analysresultaten skickas till SGU och kommunens milj\u00f6kontor. Vi rekommenderar detta, men det \u00e4r helt&nbsp;frivilligt.<\/p>\n\n\n\n<h2 class=\"wp-block-heading\"><strong>2) V\u00e4lj hur du vill skicka tillbaka dina prover<\/strong><\/h2>\n\n\n\n<p>Vi har m\u00e5nga inl\u00e4mningsst\u00e4llen i hela Sverige som du kan l\u00e4mna dina prover till, som sedan skickas till oss. H\u00e4r hittar du en lista \u00f6ver v\u00e5ra\u00a0<strong><a href=\"https:\/\/brunnsvatten.sgs.com\/index.php\/var-lamnar-jag-provet\/\">inl\u00e4mningsst\u00e4llen<\/a>.<\/strong>\u00a0\u00d6nskar du att l\u00e4mna in provet p\u00e5 n\u00e5got av postens inl\u00e4mningsst\u00e4llen ist\u00e4llet, s\u00e5 v\u00e4ljer ni att k\u00f6pa till returfrakt (Parcel tidigare f\u00f6retagspaket) redan n\u00e4r ni l\u00e4gger best\u00e4llningen. Detta \u00e4r ett enkelt och bra s\u00e4tt att f\u00e5 proven till laboratoriet i tid och kostar 150 kr. OBS! I vissa delar av Norrland anv\u00e4nds Bussgods ist\u00e4llet f\u00f6r Parcel.\u00a0<strong>OBS!<\/strong>\u00a0Det \u00e4r mycket viktigt att Parcel anv\u00e4nds om du v\u00e4ljer att anlita posten. Privatpaket av olika slag g\u00e5r ej att anv\u00e4nda p g a att dessa paket inte levereras direkt till laboratoriet. Detta g\u00f6r att transporttiden f\u00f6r privatpaket blir f\u00f6r l\u00e5ng.<\/p>\n\n\n\n<h2 class=\"wp-block-heading\"><strong>3) V\u00e4lj betalningsmetod<\/strong><\/h2>\n\n\n\n<p>Du v\u00e4ljer om betalningen ska ske med kort eller mot faktura. Betalningarna sker via Klarna.<\/p>\n\n\n\n<h2 class=\"wp-block-heading\"><strong>4) Tag ditt prov och skicka det till laboratoriet<\/strong><\/h2>\n\n\n\n<p>F\u00f6lj&nbsp;<a href=\"https:\/\/order.sgsanalytics.se\/sites\/default\/files\/Alcontrol\/Documents\/PDF\/SE\/SGS_Test_av_ditt_Brunnsvatten_2023.pdf\" target=\"_blank\" rel=\"noreferrer noopener\"><strong>provtagningsinstruktionerna<\/strong>&nbsp;<\/a>som medf\u00f6ljer provmaterialet. Skicka d\u00e4refter in provet via n\u00e5got av v\u00e5ra<strong>&nbsp;<\/strong><a href=\"http:\/\/brunnsvatten.se\/lamnar\"><strong>inl\u00e4mningsst\u00e4llen<\/strong><\/a>, direkt till laboratoriet eller via postens Parcel. T\u00e4nk p\u00e5 att inte skicka provet via posten p\u00e5 en fredag eller dag f\u00f6re helgdag, d\u00e5 riskerar provet att bli f\u00f6r gammalt.<\/p>\n\n\n\n<h2 class=\"wp-block-heading\"><strong>5) Tolka analysresultaten&nbsp;<\/strong><\/h2>\n\n\n\n<p>Till ditt provmaterial bifogas en folder som v\u00e4gleder&nbsp;<a href=\"https:\/\/order.sgsanalytics.se\/sites\/default\/files\/Alcontrol\/Documents\/PDF\/SE\/SGS_Test_av_ditt_Brunnsvatten_2023.pdf\" target=\"_blank\" rel=\"noreferrer noopener\"><strong>tolkningen av analysresultatet<\/strong><\/a>, men varje analysrapport inneh\u00e5ller \u00e4ven en bed\u00f6mning av vattnet. S\u00e5 l\u00e4nge som bed\u00f6mningen \u00e4r \u201dTj\u00e4nligt\u201d, f\u00f6religger ingen anledning till oro eller \u00e5tg\u00e4rder. Om resultatet d\u00e4remot \u00e4r \u201dTj\u00e4nligt med anm\u00e4rkning\u201d eller \u201dOtj\u00e4nligt\u201d rekommenderar SGS att man g\u00f6r en ytterligare unders\u00f6kning f\u00f6r att hitta k\u00e4llan till problemet.<\/p>\n\n\n\n<h2 class=\"wp-block-heading\"><strong>6) Kom ih\u00e5g att provta igen<\/strong><\/h2>\n\n\n\n<p>Brunnsvatten f\u00f6r\u00e4ndras med tiden och analysresultaten \u00e4r en f\u00e4rskvara. Livsmedelsverket rekommenderar fullst\u00e4ndig provtagning minst en g\u00e5ng vart 3:e \u00e5r samt mikrobiologiskt prov varje \u00e5r om man har mindre barn. Kom \u00e4ven ih\u00e5g att provta efter varje utf\u00f6rd \u00e5tg\u00e4rd i brunnen eller om vattnet \u00e4ndrar lukt, utseende eller smak.<\/p>\n\n\n\n<p>* Med reservation f\u00f6r eventuella felskrivningar och \u00e4ndringar.<\/p>\n","protected":false},"excerpt":{"rendered":"<p>Provtagning H\u00e4r beskrivs de olika stegen i en provtagningscykel. 1) V\u00e4lj de analyspaket du vill ha analyserade P\u00e5&nbsp;brunnsvatten.se&nbsp;v\u00e4ljer du analyser, uppger leveransadress f\u00f6r&nbsp;provmaterial och anger var brunnen \u00e4r bel\u00e4gen.&nbsp;Du kan \u00e4ven g\u00f6ra en samh\u00e4llsinsats och till\u00e5ta att kopia av analysresultaten skickas till SGU och kommunens milj\u00f6kontor. Vi rekommenderar detta, men det \u00e4r helt&nbsp;frivilligt. 2) V\u00e4lj [&hellip;]<\/p>\n","protected":false},"author":1,"featured_media":0,"parent":0,"menu_order":0,"comment_status":"closed","ping_status":"closed","template":"","meta":{"footnotes":""},"class_list":["post-151","page","type-page","status-publish","hentry"],"blocksy_meta":[],"yoast_head":"<!-- This site is optimized with the Yoast SEO plugin v27.3 - https:\/\/yoast.com\/product\/yoast-seo-wordpress\/ -->\r\n<title>Provtagning<\/title>\r\n<meta name=\"robots\" content=\"index, follow, max-snippet:-1, max-image-preview:large, max-video-preview:-1\" \/>\r\n<link rel=\"canonical\" href=\"https:\/\/brunnsvatten.sgs.com\/index.php\/provtagning\/\" \/>\r\n<meta property=\"og:locale\" content=\"sv_SE\" \/>\r\n<meta property=\"og:type\" content=\"article\" \/>\r\n<meta property=\"og:title\" content=\"Provtagning\" \/>\r\n<meta property=\"og:description\" content=\"Provtagning H\u00e4r beskrivs de olika stegen i en provtagningscykel. 1) V\u00e4lj de analyspaket du vill ha analyserade P\u00e5&nbsp;brunnsvatten.se&nbsp;v\u00e4ljer du analyser, uppger leveransadress f\u00f6r&nbsp;provmaterial och anger var brunnen \u00e4r bel\u00e4gen.&nbsp;Du kan \u00e4ven g\u00f6ra en samh\u00e4llsinsats och till\u00e5ta att kopia av analysresultaten skickas till SGU och kommunens milj\u00f6kontor. Vi rekommenderar detta, men det \u00e4r helt&nbsp;frivilligt. 2) V\u00e4lj [&hellip;]\" \/>\r\n<meta property=\"og:url\" content=\"https:\/\/brunnsvatten.sgs.com\/index.php\/provtagning\/\" \/>\r\n<meta property=\"og:site_name\" content=\"Brunnsvatten\" \/>\r\n<meta property=\"article:publisher\" content=\"https:\/\/www.facebook.com\/Brunnsvatten\" \/>\r\n<meta property=\"article:modified_time\" content=\"2025-03-31T04:31:02+00:00\" \/>\r\n<meta name=\"twitter:card\" content=\"summary_large_image\" \/>\r\n<meta name=\"twitter:label1\" content=\"Ber\u00e4knad l\u00e4stid\" \/>\n\t<meta name=\"twitter:data1\" content=\"2 minuter\" \/>\r\n<script type=\"application\/ld+json\" class=\"yoast-schema-graph\">{\"@context\":\"https:\\\/\\\/schema.org\",\"@graph\":[{\"@type\":\"WebPage\",\"@id\":\"https:\\\/\\\/brunnsvatten.sgs.com\\\/index.php\\\/provtagning\\\/\",\"url\":\"https:\\\/\\\/brunnsvatten.sgs.com\\\/index.php\\\/provtagning\\\/\",\"name\":\"Provtagning\",\"isPartOf\":{\"@id\":\"https:\\\/\\\/brunnsvatten.sgs.com\\\/#website\"},\"datePublished\":\"2023-11-09T09:19:12+00:00\",\"dateModified\":\"2025-03-31T04:31:02+00:00\",\"breadcrumb\":{\"@id\":\"https:\\\/\\\/brunnsvatten.sgs.com\\\/index.php\\\/provtagning\\\/#breadcrumb\"},\"inLanguage\":\"sv-SE\",\"potentialAction\":[{\"@type\":\"ReadAction\",\"target\":[\"https:\\\/\\\/brunnsvatten.sgs.com\\\/index.php\\\/provtagning\\\/\"]}]},{\"@type\":\"BreadcrumbList\",\"@id\":\"https:\\\/\\\/brunnsvatten.sgs.com\\\/index.php\\\/provtagning\\\/#breadcrumb\",\"itemListElement\":[{\"@type\":\"ListItem\",\"position\":1,\"name\":\"Home\",\"item\":\"https:\\\/\\\/brunnsvatten.sgs.com\\\/\"},{\"@type\":\"ListItem\",\"position\":2,\"name\":\"Provtagning\"}]},{\"@type\":\"WebSite\",\"@id\":\"https:\\\/\\\/brunnsvatten.sgs.com\\\/#website\",\"url\":\"https:\\\/\\\/brunnsvatten.sgs.com\\\/\",\"name\":\"Brunnsvatten: SGS Webbshop\",\"description\":\"Vatten \u00e4r ett av v\u00e5ra viktigaste livsmedel och vi p\u00e5 SGS vill g\u00f6ra det tryggt f\u00f6r alla att dricka sitt vatten.\",\"publisher\":{\"@id\":\"https:\\\/\\\/brunnsvatten.sgs.com\\\/#organization\"},\"alternateName\":\"Brunnsvatten\",\"potentialAction\":[{\"@type\":\"SearchAction\",\"target\":{\"@type\":\"EntryPoint\",\"urlTemplate\":\"https:\\\/\\\/brunnsvatten.sgs.com\\\/?s={search_term_string}\"},\"query-input\":{\"@type\":\"PropertyValueSpecification\",\"valueRequired\":true,\"valueName\":\"search_term_string\"}}],\"inLanguage\":\"sv-SE\"},{\"@type\":\"Organization\",\"@id\":\"https:\\\/\\\/brunnsvatten.sgs.com\\\/#organization\",\"name\":\"SGS Analytics Sweden AB\",\"url\":\"https:\\\/\\\/brunnsvatten.sgs.com\\\/\",\"logo\":{\"@type\":\"ImageObject\",\"inLanguage\":\"sv-SE\",\"@id\":\"https:\\\/\\\/brunnsvatten.sgs.com\\\/#\\\/schema\\\/logo\\\/image\\\/\",\"url\":\"https:\\\/\\\/brunnsvatten.sgs.com\\\/wp-content\\\/uploads\\\/2023\\\/10\\\/SGS_brunnsvatten.png\",\"contentUrl\":\"https:\\\/\\\/brunnsvatten.sgs.com\\\/wp-content\\\/uploads\\\/2023\\\/10\\\/SGS_brunnsvatten.png\",\"width\":651,\"height\":78,\"caption\":\"SGS Analytics Sweden AB\"},\"image\":{\"@id\":\"https:\\\/\\\/brunnsvatten.sgs.com\\\/#\\\/schema\\\/logo\\\/image\\\/\"},\"sameAs\":[\"https:\\\/\\\/www.facebook.com\\\/Brunnsvatten\"]}]}<\/script>\r\n<!-- \/ Yoast SEO plugin. -->","yoast_head_json":{"title":"Provtagning","robots":{"index":"index","follow":"follow","max-snippet":"max-snippet:-1","max-image-preview":"max-image-preview:large","max-video-preview":"max-video-preview:-1"},"canonical":"https:\/\/brunnsvatten.sgs.com\/index.php\/provtagning\/","og_locale":"sv_SE","og_type":"article","og_title":"Provtagning","og_description":"Provtagning H\u00e4r beskrivs de olika stegen i en provtagningscykel. 1) V\u00e4lj de analyspaket du vill ha analyserade P\u00e5&nbsp;brunnsvatten.se&nbsp;v\u00e4ljer du analyser, uppger leveransadress f\u00f6r&nbsp;provmaterial och anger var brunnen \u00e4r bel\u00e4gen.&nbsp;Du kan \u00e4ven g\u00f6ra en samh\u00e4llsinsats och till\u00e5ta att kopia av analysresultaten skickas till SGU och kommunens milj\u00f6kontor. Vi rekommenderar detta, men det \u00e4r helt&nbsp;frivilligt. 2) V\u00e4lj [&hellip;]","og_url":"https:\/\/brunnsvatten.sgs.com\/index.php\/provtagning\/","og_site_name":"Brunnsvatten","article_publisher":"https:\/\/www.facebook.com\/Brunnsvatten","article_modified_time":"2025-03-31T04:31:02+00:00","twitter_card":"summary_large_image","twitter_misc":{"Ber\u00e4knad l\u00e4stid":"2 minuter"},"schema":{"@context":"https:\/\/schema.org","@graph":[{"@type":"WebPage","@id":"https:\/\/brunnsvatten.sgs.com\/index.php\/provtagning\/","url":"https:\/\/brunnsvatten.sgs.com\/index.php\/provtagning\/","name":"Provtagning","isPartOf":{"@id":"https:\/\/brunnsvatten.sgs.com\/#website"},"datePublished":"2023-11-09T09:19:12+00:00","dateModified":"2025-03-31T04:31:02+00:00","breadcrumb":{"@id":"https:\/\/brunnsvatten.sgs.com\/index.php\/provtagning\/#breadcrumb"},"inLanguage":"sv-SE","potentialAction":[{"@type":"ReadAction","target":["https:\/\/brunnsvatten.sgs.com\/index.php\/provtagning\/"]}]},{"@type":"BreadcrumbList","@id":"https:\/\/brunnsvatten.sgs.com\/index.php\/provtagning\/#breadcrumb","itemListElement":[{"@type":"ListItem","position":1,"name":"Home","item":"https:\/\/brunnsvatten.sgs.com\/"},{"@type":"ListItem","position":2,"name":"Provtagning"}]},{"@type":"WebSite","@id":"https:\/\/brunnsvatten.sgs.com\/#website","url":"https:\/\/brunnsvatten.sgs.com\/","name":"Brunnsvatten: SGS Webbshop","description":"Vatten \u00e4r ett av v\u00e5ra viktigaste livsmedel och vi p\u00e5 SGS vill g\u00f6ra det tryggt f\u00f6r alla att dricka sitt vatten.","publisher":{"@id":"https:\/\/brunnsvatten.sgs.com\/#organization"},"alternateName":"Brunnsvatten","potentialAction":[{"@type":"SearchAction","target":{"@type":"EntryPoint","urlTemplate":"https:\/\/brunnsvatten.sgs.com\/?s={search_term_string}"},"query-input":{"@type":"PropertyValueSpecification","valueRequired":true,"valueName":"search_term_string"}}],"inLanguage":"sv-SE"},{"@type":"Organization","@id":"https:\/\/brunnsvatten.sgs.com\/#organization","name":"SGS Analytics Sweden AB","url":"https:\/\/brunnsvatten.sgs.com\/","logo":{"@type":"ImageObject","inLanguage":"sv-SE","@id":"https:\/\/brunnsvatten.sgs.com\/#\/schema\/logo\/image\/","url":"https:\/\/brunnsvatten.sgs.com\/wp-content\/uploads\/2023\/10\/SGS_brunnsvatten.png","contentUrl":"https:\/\/brunnsvatten.sgs.com\/wp-content\/uploads\/2023\/10\/SGS_brunnsvatten.png","width":651,"height":78,"caption":"SGS Analytics Sweden AB"},"image":{"@id":"https:\/\/brunnsvatten.sgs.com\/#\/schema\/logo\/image\/"},"sameAs":["https:\/\/www.facebook.com\/Brunnsvatten"]}]}},"_links":{"self":[{"href":"https:\/\/brunnsvatten.sgs.com\/index.php\/wp-json\/wp\/v2\/pages\/151","targetHints":{"allow":["GET"]}}],"collection":[{"href":"https:\/\/brunnsvatten.sgs.com\/index.php\/wp-json\/wp\/v2\/pages"}],"about":[{"href":"https:\/\/brunnsvatten.sgs.com\/index.php\/wp-json\/wp\/v2\/types\/page"}],"author":[{"embeddable":true,"href":"https:\/\/brunnsvatten.sgs.com\/index.php\/wp-json\/wp\/v2\/users\/1"}],"replies":[{"embeddable":true,"href":"https:\/\/brunnsvatten.sgs.com\/index.php\/wp-json\/wp\/v2\/comments?post=151"}],"version-history":[{"count":2,"href":"https:\/\/brunnsvatten.sgs.com\/index.php\/wp-json\/wp\/v2\/pages\/151\/revisions"}],"predecessor-version":[{"id":367,"href":"https:\/\/brunnsvatten.sgs.com\/index.php\/wp-json\/wp\/v2\/pages\/151\/revisions\/367"}],"wp:attachment":[{"href":"https:\/\/brunnsvatten.sgs.com\/index.php\/wp-json\/wp\/v2\/media?parent=151"}],"curies":[{"name":"wp","href":"https:\/\/api.w.org\/{rel}","templated":true}]}}