{"id":157,"date":"2023-11-09T10:20:33","date_gmt":"2023-11-09T09:20:33","guid":{"rendered":"https:\/\/brunnsvatten-test.sgs.net\/?page_id=157"},"modified":"2025-04-14T09:04:20","modified_gmt":"2025-04-14T07:04:20","slug":"tolkning-av-resultat","status":"publish","type":"page","link":"https:\/\/brunnsvatten.sgs.com\/index.php\/tolkning-av-resultat\/","title":{"rendered":"Tolkning av resultat"},"content":{"rendered":"\n<h1 class=\"wp-block-heading\">Tolkning av resultat<\/h1>\n\n\n\n<p>Analyserna utf\u00f6rs p\u00e5 ackrediterade laboratorier med metoder som \u00e4r specialanpassade f\u00f6r dricksvattenanalyser. Efter analys, granskas proven och bed\u00f6ms enligt Livsmedelsverkets rekommendationer. P\u00e5 analysprotokollet framg\u00e5r om vattnet \u00e4r Tj\u00e4nligt, Tj\u00e4nligt med anm\u00e4rkning eller Otj\u00e4nligt.<\/p>\n\n\n\n<h4 class=\"wp-block-heading\"><strong>Tj\u00e4nligt<\/strong><\/h4>\n\n\n\n<p>Om provet bed\u00f6ms som tj\u00e4nligt inneb\u00e4r det att vattnet \u00e4r l\u00e4mpligt som dricksvatten och f\u00f6r andra hush\u00e5lls\u00e4ndam\u00e5l.<\/p>\n\n\n\n<h4 class=\"wp-block-heading\"><strong>Tj\u00e4nligt med anm\u00e4rkning&nbsp;<\/strong><\/h4>\n\n\n\n<p>Dessa riktv\u00e4rden kan vara h\u00e4lsom\u00e4ssiga, estetiska eller tekniskt grundade. Estetiskt grundade kan ha att g\u00f6ra med vattnets f\u00e4rg eller lukt. Tekniska effekter kan vara bl.a. korrosion och slambildning. Dvs ett vatten som \u00e4r tj\u00e4nligt med anm\u00e4rkning kan g\u00e4lla h\u00e4lsom\u00e4ssiga effekter, men det kan ocks\u00e5 \u201denbart\u201d ha estetiska brister eller egenskaper som p\u00e5verkar ledningssystem och apparater.<\/p>\n\n\n\n<h4 class=\"wp-block-heading\"><strong>Otj\u00e4nligt<\/strong><\/h4>\n\n\n\n<p>Det finns direkt och indirekt grundande riktv\u00e4rden. Direkt grundade inneb\u00e4r att parametern i sig kan vara skadlig och att det inneb\u00e4r&nbsp;en oacceptabel risk att \u00f6verskrida riktv\u00e4rdet. Indirekt grundade inneb\u00e4r att parametern i fr\u00e5ga indikerar en oacceptabel risk f\u00f6r andra&nbsp;o\u00f6nskade \u00e4mnen eller organismer kan f\u00f6rekomma. D.v.s ett otj\u00e4nligt dricksvatten rekommenderas INTE att anv\u00e4ndas i hush\u00e5llet.<\/p>\n\n\n\n<h4 class=\"wp-block-heading\"><strong>OBS!<\/strong><\/h4>\n\n\n\n<p>T\u00e4nk p\u00e5 bed\u00f6mningen endast omfattar de \u00e4mnen som analyserats. Bed\u00f6mningen hittar ni p\u00e5 analysprotokollet som ni f\u00e5r n\u00e4r analyserna \u00e4r klara.<\/p>\n\n\n\n<h4 class=\"wp-block-heading\"><strong>L\u00e4nkar om analysresultat&nbsp;<\/strong><\/h4>\n\n\n\n<ul class=\"wp-block-list\">\n<li><a href=\"https:\/\/order.sgsanalytics.se\/sites\/default\/files\/Alcontrol\/Documents\/PDF\/SE\/SGS_Test_av_ditt_Brunnsvatten_2023.pdf\" target=\"_blank\" rel=\"noreferrer noopener\">Test av ditt brunnsvatten<\/a>&nbsp;(SGS\u00b4s broschyr om brunnsvattenanalyser)<\/li>\n\n\n\n<li><a href=\"\/index.php\/matosakerhet-och-beslutsregel\/\">M\u00e4tos\u00e4kerhet och beslutsregel<\/a><\/li>\n\n\n\n<li><a href=\"https:\/\/www.livsmedelsverket.se\/livsmedel-och-innehall\/dricksvatten\/egen-brunn2\" target=\"_blank\" rel=\"noreferrer noopener\">Livsmedelsverkets rekommendationer<\/a><\/li>\n<\/ul>\n\n\n\n<h4 class=\"wp-block-heading\"><strong>\u00c5tg\u00e4rder<\/strong><\/h4>\n\n\n\n<p>Om vattnet inte h\u00e5ller m\u00e5ttet finns en rad olika \u00e5tg\u00e4rder att s\u00e4tta in. Ibland beh\u00f6vs en desinfektion av brunnen. Ibland beh\u00f6vs ett vattenfilter. SGS rekommenderar brunns\u00e4garen att ta kontakt med sitt lokala milj\u00f6kontor f\u00f6r f\u00f6rslag om \u00e5tg\u00e4rder och rekommendationer f\u00f6r att f\u00f6rb\u00e4ttra vattenkvaliteten.<\/p>\n\n\n\n<p><\/p>\n\n\n\n<p><\/p>\n","protected":false},"excerpt":{"rendered":"<p>Tolkning av resultat Analyserna utf\u00f6rs p\u00e5 ackrediterade laboratorier med metoder som \u00e4r specialanpassade f\u00f6r dricksvattenanalyser. Efter analys, granskas proven och bed\u00f6ms enligt Livsmedelsverkets rekommendationer. P\u00e5 analysprotokollet framg\u00e5r om vattnet \u00e4r Tj\u00e4nligt, Tj\u00e4nligt med anm\u00e4rkning eller Otj\u00e4nligt. Tj\u00e4nligt Om provet bed\u00f6ms som tj\u00e4nligt inneb\u00e4r det att vattnet \u00e4r l\u00e4mpligt som dricksvatten och f\u00f6r andra hush\u00e5lls\u00e4ndam\u00e5l. Tj\u00e4nligt [&hellip;]<\/p>\n","protected":false},"author":1,"featured_media":0,"parent":0,"menu_order":0,"comment_status":"closed","ping_status":"closed","template":"","meta":{"footnotes":""},"class_list":["post-157","page","type-page","status-publish","hentry"],"blocksy_meta":[],"yoast_head":"<!-- This site is optimized with the Yoast SEO plugin v27.3 - https:\/\/yoast.com\/product\/yoast-seo-wordpress\/ -->\r\n<title>Tolkning av resultat<\/title>\r\n<meta name=\"robots\" content=\"index, follow, max-snippet:-1, max-image-preview:large, max-video-preview:-1\" \/>\r\n<link rel=\"canonical\" href=\"https:\/\/brunnsvatten.sgs.com\/index.php\/tolkning-av-resultat\/\" \/>\r\n<meta property=\"og:locale\" content=\"sv_SE\" \/>\r\n<meta property=\"og:type\" content=\"article\" \/>\r\n<meta property=\"og:title\" content=\"Tolkning av resultat\" \/>\r\n<meta property=\"og:description\" content=\"Tolkning av resultat Analyserna utf\u00f6rs p\u00e5 ackrediterade laboratorier med metoder som \u00e4r specialanpassade f\u00f6r dricksvattenanalyser. Efter analys, granskas proven och bed\u00f6ms enligt Livsmedelsverkets rekommendationer. P\u00e5 analysprotokollet framg\u00e5r om vattnet \u00e4r Tj\u00e4nligt, Tj\u00e4nligt med anm\u00e4rkning eller Otj\u00e4nligt. Tj\u00e4nligt Om provet bed\u00f6ms som tj\u00e4nligt inneb\u00e4r det att vattnet \u00e4r l\u00e4mpligt som dricksvatten och f\u00f6r andra hush\u00e5lls\u00e4ndam\u00e5l. Tj\u00e4nligt [&hellip;]\" \/>\r\n<meta property=\"og:url\" content=\"https:\/\/brunnsvatten.sgs.com\/index.php\/tolkning-av-resultat\/\" \/>\r\n<meta property=\"og:site_name\" content=\"Brunnsvatten\" \/>\r\n<meta property=\"article:publisher\" content=\"https:\/\/www.facebook.com\/Brunnsvatten\" \/>\r\n<meta property=\"article:modified_time\" content=\"2025-04-14T07:04:20+00:00\" \/>\r\n<meta name=\"twitter:card\" content=\"summary_large_image\" \/>\r\n<meta name=\"twitter:label1\" content=\"Ber\u00e4knad l\u00e4stid\" \/>\n\t<meta name=\"twitter:data1\" content=\"2 minuter\" \/>\r\n<script type=\"application\/ld+json\" class=\"yoast-schema-graph\">{\"@context\":\"https:\\\/\\\/schema.org\",\"@graph\":[{\"@type\":\"WebPage\",\"@id\":\"https:\\\/\\\/brunnsvatten.sgs.com\\\/index.php\\\/tolkning-av-resultat\\\/\",\"url\":\"https:\\\/\\\/brunnsvatten.sgs.com\\\/index.php\\\/tolkning-av-resultat\\\/\",\"name\":\"Tolkning av resultat\",\"isPartOf\":{\"@id\":\"https:\\\/\\\/brunnsvatten.sgs.com\\\/#website\"},\"datePublished\":\"2023-11-09T09:20:33+00:00\",\"dateModified\":\"2025-04-14T07:04:20+00:00\",\"breadcrumb\":{\"@id\":\"https:\\\/\\\/brunnsvatten.sgs.com\\\/index.php\\\/tolkning-av-resultat\\\/#breadcrumb\"},\"inLanguage\":\"sv-SE\",\"potentialAction\":[{\"@type\":\"ReadAction\",\"target\":[\"https:\\\/\\\/brunnsvatten.sgs.com\\\/index.php\\\/tolkning-av-resultat\\\/\"]}]},{\"@type\":\"BreadcrumbList\",\"@id\":\"https:\\\/\\\/brunnsvatten.sgs.com\\\/index.php\\\/tolkning-av-resultat\\\/#breadcrumb\",\"itemListElement\":[{\"@type\":\"ListItem\",\"position\":1,\"name\":\"Home\",\"item\":\"https:\\\/\\\/brunnsvatten.sgs.com\\\/\"},{\"@type\":\"ListItem\",\"position\":2,\"name\":\"Tolkning av resultat\"}]},{\"@type\":\"WebSite\",\"@id\":\"https:\\\/\\\/brunnsvatten.sgs.com\\\/#website\",\"url\":\"https:\\\/\\\/brunnsvatten.sgs.com\\\/\",\"name\":\"Brunnsvatten: SGS Webbshop\",\"description\":\"Vatten \u00e4r ett av v\u00e5ra viktigaste livsmedel och vi p\u00e5 SGS vill g\u00f6ra det tryggt f\u00f6r alla att dricka sitt vatten.\",\"publisher\":{\"@id\":\"https:\\\/\\\/brunnsvatten.sgs.com\\\/#organization\"},\"alternateName\":\"Brunnsvatten\",\"potentialAction\":[{\"@type\":\"SearchAction\",\"target\":{\"@type\":\"EntryPoint\",\"urlTemplate\":\"https:\\\/\\\/brunnsvatten.sgs.com\\\/?s={search_term_string}\"},\"query-input\":{\"@type\":\"PropertyValueSpecification\",\"valueRequired\":true,\"valueName\":\"search_term_string\"}}],\"inLanguage\":\"sv-SE\"},{\"@type\":\"Organization\",\"@id\":\"https:\\\/\\\/brunnsvatten.sgs.com\\\/#organization\",\"name\":\"SGS Analytics Sweden AB\",\"url\":\"https:\\\/\\\/brunnsvatten.sgs.com\\\/\",\"logo\":{\"@type\":\"ImageObject\",\"inLanguage\":\"sv-SE\",\"@id\":\"https:\\\/\\\/brunnsvatten.sgs.com\\\/#\\\/schema\\\/logo\\\/image\\\/\",\"url\":\"https:\\\/\\\/brunnsvatten.sgs.com\\\/wp-content\\\/uploads\\\/2023\\\/10\\\/SGS_brunnsvatten.png\",\"contentUrl\":\"https:\\\/\\\/brunnsvatten.sgs.com\\\/wp-content\\\/uploads\\\/2023\\\/10\\\/SGS_brunnsvatten.png\",\"width\":651,\"height\":78,\"caption\":\"SGS Analytics Sweden AB\"},\"image\":{\"@id\":\"https:\\\/\\\/brunnsvatten.sgs.com\\\/#\\\/schema\\\/logo\\\/image\\\/\"},\"sameAs\":[\"https:\\\/\\\/www.facebook.com\\\/Brunnsvatten\"]}]}<\/script>\r\n<!-- \/ Yoast SEO plugin. -->","yoast_head_json":{"title":"Tolkning av resultat","robots":{"index":"index","follow":"follow","max-snippet":"max-snippet:-1","max-image-preview":"max-image-preview:large","max-video-preview":"max-video-preview:-1"},"canonical":"https:\/\/brunnsvatten.sgs.com\/index.php\/tolkning-av-resultat\/","og_locale":"sv_SE","og_type":"article","og_title":"Tolkning av resultat","og_description":"Tolkning av resultat Analyserna utf\u00f6rs p\u00e5 ackrediterade laboratorier med metoder som \u00e4r specialanpassade f\u00f6r dricksvattenanalyser. Efter analys, granskas proven och bed\u00f6ms enligt Livsmedelsverkets rekommendationer. P\u00e5 analysprotokollet framg\u00e5r om vattnet \u00e4r Tj\u00e4nligt, Tj\u00e4nligt med anm\u00e4rkning eller Otj\u00e4nligt. Tj\u00e4nligt Om provet bed\u00f6ms som tj\u00e4nligt inneb\u00e4r det att vattnet \u00e4r l\u00e4mpligt som dricksvatten och f\u00f6r andra hush\u00e5lls\u00e4ndam\u00e5l. Tj\u00e4nligt [&hellip;]","og_url":"https:\/\/brunnsvatten.sgs.com\/index.php\/tolkning-av-resultat\/","og_site_name":"Brunnsvatten","article_publisher":"https:\/\/www.facebook.com\/Brunnsvatten","article_modified_time":"2025-04-14T07:04:20+00:00","twitter_card":"summary_large_image","twitter_misc":{"Ber\u00e4knad l\u00e4stid":"2 minuter"},"schema":{"@context":"https:\/\/schema.org","@graph":[{"@type":"WebPage","@id":"https:\/\/brunnsvatten.sgs.com\/index.php\/tolkning-av-resultat\/","url":"https:\/\/brunnsvatten.sgs.com\/index.php\/tolkning-av-resultat\/","name":"Tolkning av resultat","isPartOf":{"@id":"https:\/\/brunnsvatten.sgs.com\/#website"},"datePublished":"2023-11-09T09:20:33+00:00","dateModified":"2025-04-14T07:04:20+00:00","breadcrumb":{"@id":"https:\/\/brunnsvatten.sgs.com\/index.php\/tolkning-av-resultat\/#breadcrumb"},"inLanguage":"sv-SE","potentialAction":[{"@type":"ReadAction","target":["https:\/\/brunnsvatten.sgs.com\/index.php\/tolkning-av-resultat\/"]}]},{"@type":"BreadcrumbList","@id":"https:\/\/brunnsvatten.sgs.com\/index.php\/tolkning-av-resultat\/#breadcrumb","itemListElement":[{"@type":"ListItem","position":1,"name":"Home","item":"https:\/\/brunnsvatten.sgs.com\/"},{"@type":"ListItem","position":2,"name":"Tolkning av resultat"}]},{"@type":"WebSite","@id":"https:\/\/brunnsvatten.sgs.com\/#website","url":"https:\/\/brunnsvatten.sgs.com\/","name":"Brunnsvatten: SGS Webbshop","description":"Vatten \u00e4r ett av v\u00e5ra viktigaste livsmedel och vi p\u00e5 SGS vill g\u00f6ra det tryggt f\u00f6r alla att dricka sitt vatten.","publisher":{"@id":"https:\/\/brunnsvatten.sgs.com\/#organization"},"alternateName":"Brunnsvatten","potentialAction":[{"@type":"SearchAction","target":{"@type":"EntryPoint","urlTemplate":"https:\/\/brunnsvatten.sgs.com\/?s={search_term_string}"},"query-input":{"@type":"PropertyValueSpecification","valueRequired":true,"valueName":"search_term_string"}}],"inLanguage":"sv-SE"},{"@type":"Organization","@id":"https:\/\/brunnsvatten.sgs.com\/#organization","name":"SGS Analytics Sweden AB","url":"https:\/\/brunnsvatten.sgs.com\/","logo":{"@type":"ImageObject","inLanguage":"sv-SE","@id":"https:\/\/brunnsvatten.sgs.com\/#\/schema\/logo\/image\/","url":"https:\/\/brunnsvatten.sgs.com\/wp-content\/uploads\/2023\/10\/SGS_brunnsvatten.png","contentUrl":"https:\/\/brunnsvatten.sgs.com\/wp-content\/uploads\/2023\/10\/SGS_brunnsvatten.png","width":651,"height":78,"caption":"SGS Analytics Sweden AB"},"image":{"@id":"https:\/\/brunnsvatten.sgs.com\/#\/schema\/logo\/image\/"},"sameAs":["https:\/\/www.facebook.com\/Brunnsvatten"]}]}},"_links":{"self":[{"href":"https:\/\/brunnsvatten.sgs.com\/index.php\/wp-json\/wp\/v2\/pages\/157","targetHints":{"allow":["GET"]}}],"collection":[{"href":"https:\/\/brunnsvatten.sgs.com\/index.php\/wp-json\/wp\/v2\/pages"}],"about":[{"href":"https:\/\/brunnsvatten.sgs.com\/index.php\/wp-json\/wp\/v2\/types\/page"}],"author":[{"embeddable":true,"href":"https:\/\/brunnsvatten.sgs.com\/index.php\/wp-json\/wp\/v2\/users\/1"}],"replies":[{"embeddable":true,"href":"https:\/\/brunnsvatten.sgs.com\/index.php\/wp-json\/wp\/v2\/comments?post=157"}],"version-history":[{"count":4,"href":"https:\/\/brunnsvatten.sgs.com\/index.php\/wp-json\/wp\/v2\/pages\/157\/revisions"}],"predecessor-version":[{"id":407,"href":"https:\/\/brunnsvatten.sgs.com\/index.php\/wp-json\/wp\/v2\/pages\/157\/revisions\/407"}],"wp:attachment":[{"href":"https:\/\/brunnsvatten.sgs.com\/index.php\/wp-json\/wp\/v2\/media?parent=157"}],"curies":[{"name":"wp","href":"https:\/\/api.w.org\/{rel}","templated":true}]}}