{"id":44,"date":"2023-10-06T09:51:51","date_gmt":"2023-10-06T07:51:51","guid":{"rendered":"http:\/\/localhost:98\/?post_type=product&#038;p=44"},"modified":"2026-01-23T09:15:35","modified_gmt":"2026-01-23T08:15:35","slug":"trygghetspaket-for-borrad-brunn","status":"publish","type":"product","link":"https:\/\/brunnsvatten.sgs.com\/index.php\/produkt\/trygghetspaket-for-borrad-brunn\/","title":{"rendered":"Trygghetspaket f\u00f6r borrad brunn"},"content":{"rendered":"<h2>Beskrivning<\/h2>\n<h2>Analysomfattning:<\/h2>\n<table>\n<tbody>\n<tr>\n<td>\n<h3>Fysikaliska\/<br \/>\nkemiska analyser<\/h3>\n<ul>\n<li>COD(Mn)<\/li>\n<li>Konduktivitet<\/li>\n<li>pH<\/li>\n<li>Alkalinitet<\/li>\n<li>Turbiditet<\/li>\n<li>F\u00e4rg<\/li>\n<li>Lukt<\/li>\n<li>Radon<\/li>\n<\/ul>\n<h3>Anjoner:<\/h3>\n<ul>\n<li>Fluorid<\/li>\n<li>Nitratkv\u00e4ve<\/li>\n<li>Nitrat<\/li>\n<li>Klorid<\/li>\n<li>Sulfat<\/li>\n<\/ul>\n<h3>N\u00e4rsalter:<\/h3>\n<ul>\n<li>Ammoniumkv\u00e4ve<\/li>\n<li>Ammonium<\/li>\n<li>Nitritkv\u00e4ve<\/li>\n<li>Nitrit<\/li>\n<li>Fosfat<\/li>\n<li>Fosfatfosfor<\/li>\n<\/ul>\n<\/td>\n<td>\n<h3>Metaller:<\/h3>\n<ul>\n<li>J\u00e4rn<\/li>\n<li>Kalcium<\/li>\n<li>Kalium<\/li>\n<li>Koppar<\/li>\n<li>Magnesium<\/li>\n<li>Mangan<\/li>\n<li>Natrium<\/li>\n<li>H\u00e5rdhet (total)<\/li>\n<li>Aluminium<\/li>\n<li>Antimon<\/li>\n<li>Arsenik<\/li>\n<li>Bly<\/li>\n<li>Kadmium<\/li>\n<li>Krom<\/li>\n<li>Nickel<\/li>\n<li>Selen<\/li>\n<li>Uran<\/li>\n<\/ul>\n<h3>Mikrobiologiska<br \/>\nanalyser:<\/h3>\n<ul>\n<li>Odlingsbara mikroorganismer<br \/>\nvid 22\u00b0C (3 dygn)<\/li>\n<li>Escherichia coli<\/li>\n<li>Koliforma bakterier<\/li>\n<\/ul>\n<\/td>\n<\/tr>\n<\/tbody>\n<\/table>\n","protected":false},"excerpt":{"rendered":"<p>Vatten \u00e4r ett av v\u00e5ra viktigaste livsmedel och vi p\u00e5 SGS vill g\u00f6ra det tryggt f\u00f6r alla att dricka sitt vatten. Detta analyspaket \u00e4r hopsatt utifr\u00e5n Livsmedelsverkets rekommendationer f\u00f6r borrade brunnar.<\/p>\n<p>Livsmedelsverket rekommenderar regelbunden provtagning och vattenanalys enligt trygghetspaketet. Minst var tredje \u00e5r eller vid misstanke om f\u00f6r\u00e4ndring av vattenkvaliteten, vilket kan indikeras av f\u00e4rg, lukt eller smakf\u00f6r\u00e4ndring .<\/p>\n<p>I priset ing\u00e5r analys, provmaterial, provberedning och utskick av material.<\/p>\n","protected":false},"featured_media":45,"template":"","meta":[],"product_brand":[],"product_cat":[20],"product_tag":[],"class_list":{"0":"post-44","1":"product","2":"type-product","3":"status-publish","4":"has-post-thumbnail","6":"product_cat-analyser","8":"first","9":"instock","10":"taxable","11":"shipping-taxable","12":"purchasable","13":"product-type-simple"},"yoast_head":"<!-- This site is optimized with the Yoast SEO plugin v27.3 - https:\/\/yoast.com\/product\/yoast-seo-wordpress\/ -->\r\n<title>Trygghetspaket f\u00f6r borrad brunn<\/title>\r\n<meta name=\"robots\" content=\"index, follow, max-snippet:-1, max-image-preview:large, max-video-preview:-1\" \/>\r\n<link rel=\"canonical\" href=\"https:\/\/brunnsvatten.sgs.com\/index.php\/produkt\/trygghetspaket-for-borrad-brunn\/\" \/>\r\n<meta property=\"og:locale\" content=\"sv_SE\" \/>\r\n<meta property=\"og:type\" content=\"article\" \/>\r\n<meta property=\"og:title\" content=\"Trygghetspaket f\u00f6r borrad brunn\" \/>\r\n<meta property=\"og:description\" content=\"Vatten \u00e4r ett av v\u00e5ra viktigaste livsmedel och vi p\u00e5 SGS vill g\u00f6ra det tryggt f\u00f6r alla att dricka sitt vatten. Detta analyspaket \u00e4r hopsatt utifr\u00e5n Livsmedelsverkets rekommendationer f\u00f6r borrade brunnar.  Livsmedelsverket rekommenderar regelbunden provtagning och vattenanalys enligt trygghetspaketet. Minst var tredje \u00e5r eller vid misstanke om f\u00f6r\u00e4ndring av vattenkvaliteten, vilket kan indikeras av f\u00e4rg, lukt eller smakf\u00f6r\u00e4ndring .  I priset ing\u00e5r analys, provmaterial, provberedning och utskick av material.\" \/>\r\n<meta property=\"og:url\" content=\"https:\/\/brunnsvatten.sgs.com\/index.php\/produkt\/trygghetspaket-for-borrad-brunn\/\" \/>\r\n<meta property=\"og:site_name\" content=\"Brunnsvatten\" \/>\r\n<meta property=\"article:publisher\" content=\"https:\/\/www.facebook.com\/Brunnsvatten\" \/>\r\n<meta property=\"article:modified_time\" content=\"2026-01-23T08:15:35+00:00\" \/>\r\n<meta property=\"og:image\" content=\"https:\/\/brunnsvatten.sgs.com\/wp-content\/uploads\/2023\/10\/trygghetspaketet-borrad.jpg\" \/>\r\n\t<meta property=\"og:image:width\" content=\"524\" \/>\r\n\t<meta property=\"og:image:height\" content=\"392\" \/>\r\n\t<meta property=\"og:image:type\" content=\"image\/jpeg\" \/>\r\n<meta name=\"twitter:card\" content=\"summary_large_image\" \/>\r\n<script type=\"application\/ld+json\" class=\"yoast-schema-graph\">{\"@context\":\"https:\\\/\\\/schema.org\",\"@graph\":[{\"@type\":\"WebPage\",\"@id\":\"https:\\\/\\\/brunnsvatten.sgs.com\\\/index.php\\\/produkt\\\/trygghetspaket-for-borrad-brunn\\\/\",\"url\":\"https:\\\/\\\/brunnsvatten.sgs.com\\\/index.php\\\/produkt\\\/trygghetspaket-for-borrad-brunn\\\/\",\"name\":\"Trygghetspaket f\u00f6r borrad brunn\",\"isPartOf\":{\"@id\":\"https:\\\/\\\/brunnsvatten.sgs.com\\\/#website\"},\"primaryImageOfPage\":{\"@id\":\"https:\\\/\\\/brunnsvatten.sgs.com\\\/index.php\\\/produkt\\\/trygghetspaket-for-borrad-brunn\\\/#primaryimage\"},\"image\":{\"@id\":\"https:\\\/\\\/brunnsvatten.sgs.com\\\/index.php\\\/produkt\\\/trygghetspaket-for-borrad-brunn\\\/#primaryimage\"},\"thumbnailUrl\":\"https:\\\/\\\/brunnsvatten.sgs.com\\\/wp-content\\\/uploads\\\/2023\\\/10\\\/trygghetspaketet-borrad.jpg\",\"datePublished\":\"2023-10-06T07:51:51+00:00\",\"dateModified\":\"2026-01-23T08:15:35+00:00\",\"breadcrumb\":{\"@id\":\"https:\\\/\\\/brunnsvatten.sgs.com\\\/index.php\\\/produkt\\\/trygghetspaket-for-borrad-brunn\\\/#breadcrumb\"},\"inLanguage\":\"sv-SE\",\"potentialAction\":[{\"@type\":\"ReadAction\",\"target\":[\"https:\\\/\\\/brunnsvatten.sgs.com\\\/index.php\\\/produkt\\\/trygghetspaket-for-borrad-brunn\\\/\"]}]},{\"@type\":\"ImageObject\",\"inLanguage\":\"sv-SE\",\"@id\":\"https:\\\/\\\/brunnsvatten.sgs.com\\\/index.php\\\/produkt\\\/trygghetspaket-for-borrad-brunn\\\/#primaryimage\",\"url\":\"https:\\\/\\\/brunnsvatten.sgs.com\\\/wp-content\\\/uploads\\\/2023\\\/10\\\/trygghetspaketet-borrad.jpg\",\"contentUrl\":\"https:\\\/\\\/brunnsvatten.sgs.com\\\/wp-content\\\/uploads\\\/2023\\\/10\\\/trygghetspaketet-borrad.jpg\",\"width\":524,\"height\":392},{\"@type\":\"BreadcrumbList\",\"@id\":\"https:\\\/\\\/brunnsvatten.sgs.com\\\/index.php\\\/produkt\\\/trygghetspaket-for-borrad-brunn\\\/#breadcrumb\",\"itemListElement\":[{\"@type\":\"ListItem\",\"position\":1,\"name\":\"Home\",\"item\":\"https:\\\/\\\/brunnsvatten.sgs.com\\\/\"},{\"@type\":\"ListItem\",\"position\":2,\"name\":\"Shop\",\"item\":\"https:\\\/\\\/brunnsvatten.sgs.com\\\/\"},{\"@type\":\"ListItem\",\"position\":3,\"name\":\"Trygghetspaket f\u00f6r borrad brunn\"}]},{\"@type\":\"WebSite\",\"@id\":\"https:\\\/\\\/brunnsvatten.sgs.com\\\/#website\",\"url\":\"https:\\\/\\\/brunnsvatten.sgs.com\\\/\",\"name\":\"Brunnsvatten: SGS Webbshop\",\"description\":\"Vatten \u00e4r ett av v\u00e5ra viktigaste livsmedel och vi p\u00e5 SGS vill g\u00f6ra det tryggt f\u00f6r alla att dricka sitt vatten.\",\"publisher\":{\"@id\":\"https:\\\/\\\/brunnsvatten.sgs.com\\\/#organization\"},\"alternateName\":\"Brunnsvatten\",\"potentialAction\":[{\"@type\":\"SearchAction\",\"target\":{\"@type\":\"EntryPoint\",\"urlTemplate\":\"https:\\\/\\\/brunnsvatten.sgs.com\\\/?s={search_term_string}\"},\"query-input\":{\"@type\":\"PropertyValueSpecification\",\"valueRequired\":true,\"valueName\":\"search_term_string\"}}],\"inLanguage\":\"sv-SE\"},{\"@type\":\"Organization\",\"@id\":\"https:\\\/\\\/brunnsvatten.sgs.com\\\/#organization\",\"name\":\"SGS Analytics Sweden AB\",\"url\":\"https:\\\/\\\/brunnsvatten.sgs.com\\\/\",\"logo\":{\"@type\":\"ImageObject\",\"inLanguage\":\"sv-SE\",\"@id\":\"https:\\\/\\\/brunnsvatten.sgs.com\\\/#\\\/schema\\\/logo\\\/image\\\/\",\"url\":\"https:\\\/\\\/brunnsvatten.sgs.com\\\/wp-content\\\/uploads\\\/2023\\\/10\\\/SGS_brunnsvatten.png\",\"contentUrl\":\"https:\\\/\\\/brunnsvatten.sgs.com\\\/wp-content\\\/uploads\\\/2023\\\/10\\\/SGS_brunnsvatten.png\",\"width\":651,\"height\":78,\"caption\":\"SGS Analytics Sweden AB\"},\"image\":{\"@id\":\"https:\\\/\\\/brunnsvatten.sgs.com\\\/#\\\/schema\\\/logo\\\/image\\\/\"},\"sameAs\":[\"https:\\\/\\\/www.facebook.com\\\/Brunnsvatten\"]}]}<\/script>\r\n<!-- \/ Yoast SEO plugin. -->","yoast_head_json":{"title":"Trygghetspaket f\u00f6r borrad brunn","robots":{"index":"index","follow":"follow","max-snippet":"max-snippet:-1","max-image-preview":"max-image-preview:large","max-video-preview":"max-video-preview:-1"},"canonical":"https:\/\/brunnsvatten.sgs.com\/index.php\/produkt\/trygghetspaket-for-borrad-brunn\/","og_locale":"sv_SE","og_type":"article","og_title":"Trygghetspaket f\u00f6r borrad brunn","og_description":"Vatten \u00e4r ett av v\u00e5ra viktigaste livsmedel och vi p\u00e5 SGS vill g\u00f6ra det tryggt f\u00f6r alla att dricka sitt vatten. Detta analyspaket \u00e4r hopsatt utifr\u00e5n Livsmedelsverkets rekommendationer f\u00f6r borrade brunnar.  Livsmedelsverket rekommenderar regelbunden provtagning och vattenanalys enligt trygghetspaketet. Minst var tredje \u00e5r eller vid misstanke om f\u00f6r\u00e4ndring av vattenkvaliteten, vilket kan indikeras av f\u00e4rg, lukt eller smakf\u00f6r\u00e4ndring .  I priset ing\u00e5r analys, provmaterial, provberedning och utskick av material.","og_url":"https:\/\/brunnsvatten.sgs.com\/index.php\/produkt\/trygghetspaket-for-borrad-brunn\/","og_site_name":"Brunnsvatten","article_publisher":"https:\/\/www.facebook.com\/Brunnsvatten","article_modified_time":"2026-01-23T08:15:35+00:00","og_image":[{"width":524,"height":392,"url":"https:\/\/brunnsvatten.sgs.com\/wp-content\/uploads\/2023\/10\/trygghetspaketet-borrad.jpg","type":"image\/jpeg"}],"twitter_card":"summary_large_image","schema":{"@context":"https:\/\/schema.org","@graph":[{"@type":"WebPage","@id":"https:\/\/brunnsvatten.sgs.com\/index.php\/produkt\/trygghetspaket-for-borrad-brunn\/","url":"https:\/\/brunnsvatten.sgs.com\/index.php\/produkt\/trygghetspaket-for-borrad-brunn\/","name":"Trygghetspaket f\u00f6r borrad brunn","isPartOf":{"@id":"https:\/\/brunnsvatten.sgs.com\/#website"},"primaryImageOfPage":{"@id":"https:\/\/brunnsvatten.sgs.com\/index.php\/produkt\/trygghetspaket-for-borrad-brunn\/#primaryimage"},"image":{"@id":"https:\/\/brunnsvatten.sgs.com\/index.php\/produkt\/trygghetspaket-for-borrad-brunn\/#primaryimage"},"thumbnailUrl":"https:\/\/brunnsvatten.sgs.com\/wp-content\/uploads\/2023\/10\/trygghetspaketet-borrad.jpg","datePublished":"2023-10-06T07:51:51+00:00","dateModified":"2026-01-23T08:15:35+00:00","breadcrumb":{"@id":"https:\/\/brunnsvatten.sgs.com\/index.php\/produkt\/trygghetspaket-for-borrad-brunn\/#breadcrumb"},"inLanguage":"sv-SE","potentialAction":[{"@type":"ReadAction","target":["https:\/\/brunnsvatten.sgs.com\/index.php\/produkt\/trygghetspaket-for-borrad-brunn\/"]}]},{"@type":"ImageObject","inLanguage":"sv-SE","@id":"https:\/\/brunnsvatten.sgs.com\/index.php\/produkt\/trygghetspaket-for-borrad-brunn\/#primaryimage","url":"https:\/\/brunnsvatten.sgs.com\/wp-content\/uploads\/2023\/10\/trygghetspaketet-borrad.jpg","contentUrl":"https:\/\/brunnsvatten.sgs.com\/wp-content\/uploads\/2023\/10\/trygghetspaketet-borrad.jpg","width":524,"height":392},{"@type":"BreadcrumbList","@id":"https:\/\/brunnsvatten.sgs.com\/index.php\/produkt\/trygghetspaket-for-borrad-brunn\/#breadcrumb","itemListElement":[{"@type":"ListItem","position":1,"name":"Home","item":"https:\/\/brunnsvatten.sgs.com\/"},{"@type":"ListItem","position":2,"name":"Shop","item":"https:\/\/brunnsvatten.sgs.com\/"},{"@type":"ListItem","position":3,"name":"Trygghetspaket f\u00f6r borrad brunn"}]},{"@type":"WebSite","@id":"https:\/\/brunnsvatten.sgs.com\/#website","url":"https:\/\/brunnsvatten.sgs.com\/","name":"Brunnsvatten: SGS Webbshop","description":"Vatten \u00e4r ett av v\u00e5ra viktigaste livsmedel och vi p\u00e5 SGS vill g\u00f6ra det tryggt f\u00f6r alla att dricka sitt vatten.","publisher":{"@id":"https:\/\/brunnsvatten.sgs.com\/#organization"},"alternateName":"Brunnsvatten","potentialAction":[{"@type":"SearchAction","target":{"@type":"EntryPoint","urlTemplate":"https:\/\/brunnsvatten.sgs.com\/?s={search_term_string}"},"query-input":{"@type":"PropertyValueSpecification","valueRequired":true,"valueName":"search_term_string"}}],"inLanguage":"sv-SE"},{"@type":"Organization","@id":"https:\/\/brunnsvatten.sgs.com\/#organization","name":"SGS Analytics Sweden AB","url":"https:\/\/brunnsvatten.sgs.com\/","logo":{"@type":"ImageObject","inLanguage":"sv-SE","@id":"https:\/\/brunnsvatten.sgs.com\/#\/schema\/logo\/image\/","url":"https:\/\/brunnsvatten.sgs.com\/wp-content\/uploads\/2023\/10\/SGS_brunnsvatten.png","contentUrl":"https:\/\/brunnsvatten.sgs.com\/wp-content\/uploads\/2023\/10\/SGS_brunnsvatten.png","width":651,"height":78,"caption":"SGS Analytics Sweden AB"},"image":{"@id":"https:\/\/brunnsvatten.sgs.com\/#\/schema\/logo\/image\/"},"sameAs":["https:\/\/www.facebook.com\/Brunnsvatten"]}]}},"_links":{"self":[{"href":"https:\/\/brunnsvatten.sgs.com\/index.php\/wp-json\/wp\/v2\/product\/44","targetHints":{"allow":["GET"]}}],"collection":[{"href":"https:\/\/brunnsvatten.sgs.com\/index.php\/wp-json\/wp\/v2\/product"}],"about":[{"href":"https:\/\/brunnsvatten.sgs.com\/index.php\/wp-json\/wp\/v2\/types\/product"}],"wp:featuredmedia":[{"embeddable":true,"href":"https:\/\/brunnsvatten.sgs.com\/index.php\/wp-json\/wp\/v2\/media\/45"}],"wp:attachment":[{"href":"https:\/\/brunnsvatten.sgs.com\/index.php\/wp-json\/wp\/v2\/media?parent=44"}],"wp:term":[{"taxonomy":"product_brand","embeddable":true,"href":"https:\/\/brunnsvatten.sgs.com\/index.php\/wp-json\/wp\/v2\/product_brand?post=44"},{"taxonomy":"product_cat","embeddable":true,"href":"https:\/\/brunnsvatten.sgs.com\/index.php\/wp-json\/wp\/v2\/product_cat?post=44"},{"taxonomy":"product_tag","embeddable":true,"href":"https:\/\/brunnsvatten.sgs.com\/index.php\/wp-json\/wp\/v2\/product_tag?post=44"}],"curies":[{"name":"wp","href":"https:\/\/api.w.org\/{rel}","templated":true}]}}