{"id":71,"date":"2023-10-06T09:37:00","date_gmt":"2023-10-06T07:37:00","guid":{"rendered":"https:\/\/localhost:99\/?post_type=product&#038;p=71"},"modified":"2026-01-23T09:20:27","modified_gmt":"2026-01-23T08:20:27","slug":"asfaltsrester","status":"publish","type":"product","link":"https:\/\/brunnsvatten.sgs.com\/index.php\/produkt\/asfaltsrester\/","title":{"rendered":"Asfaltsrester"},"content":{"rendered":"<h2><strong>Analysomfattning:<\/strong><\/h2>\n<ul>\n<li>Acenaften<\/li>\n<li>Acenaftylen<\/li>\n<li>Naftalen<\/li>\n<li>PAH-L,summa<\/li>\n<li>Antracen<\/li>\n<li>Fenantren<\/li>\n<li>Fluoranten<\/li>\n<li>Fluoren<\/li>\n<li>Pyren<\/li>\n<li>PAH-M,summa<\/li>\n<li>Benso(a)antracen<\/li>\n<li>Benso(a)pyren<\/li>\n<li>Benso(b)fluoranten<\/li>\n<li>Benso(k)fluoranten<\/li>\n<li>Benso(ghi)perylen<\/li>\n<li>Chrysen\/Trifenylen<\/li>\n<li>Dibenso(a,h)antracen<\/li>\n<li>Indeno(1,2,3-cd)pyren<\/li>\n<li>PAH-H,summa<\/li>\n<li>PAH,summa cancerogena<\/li>\n<li>PAH,summa \u00f6vriga<\/li>\n<li>PAH16L summa<\/li>\n<\/ul>\n","protected":false},"excerpt":{"rendered":"<p>Asfaltsrester analyseras i de fall d\u00e5 man misst\u00e4nker f\u00f6rorening fr\u00e5n asfalt, slipers, el- eller telefonstolpar. Analysen redovisas som Polycykliska aromatiska kolv\u00e4ten, ofta f\u00f6rkortat PAH vilket \u00e4r en grupp \u00e4mnen som finns i\u00a0<a title=\"Stenkol\" href=\"https:\/\/sv.wikipedia.org\/wiki\/Stenkol\">stenkol<\/a>\u00a0och\u00a0<a title=\"Petroleum\" href=\"https:\/\/sv.wikipedia.org\/wiki\/Petroleum\">petroleum<\/a>\u00a0samt bildas vid f\u00f6rbr\u00e4nning av organiskt material. PAH \u00e4r ofta f\u00f6rekommande i f\u00f6rorenade jordmassor. De f\u00f6rekommer \u00e4ven i\u00a0<a title=\"Asfalt\" href=\"https:\/\/sv.wikipedia.org\/wiki\/Asfalt\">asfalt<\/a>\u00a0lagd f\u00f6re 1970-talet i Sverige. Asfalten, som kallas\u00a0<a title=\"Tj\u00e4rasfalt\" href=\"https:\/\/sv.wikipedia.org\/wiki\/Tj%C3%A4rasfalt\">tj\u00e4rasfalt<\/a>, hade ett\u00a0<a title=\"Bindemedel\" href=\"https:\/\/sv.wikipedia.org\/wiki\/Bindemedel\">bindemedel<\/a>\u00a0som bestod av\u00a0<a title=\"Stenkolstj\u00e4ra\" href=\"https:\/\/sv.wikipedia.org\/wiki\/Stenkolstj%C3%A4ra\">stenkolstj\u00e4ra<\/a>\u00a0inneh\u00e5llande PAH. PAHer omfattar \u00e4ven kreosot \u00e4r klassat som\u00a0<a title=\"Bek\u00e4mpningsmedel\" href=\"https:\/\/sv.wikipedia.org\/wiki\/Bek%C3%A4mpningsmedel\">bek\u00e4mpningsmedel<\/a>\u00a0mot r\u00f6tsvampar och dylikt. Det finns kraftiga restriktioner f\u00f6r anv\u00e4ndandet. Kreosot f\u00e5r, i Sverige, endast anv\u00e4ndas till yrkesm\u00e4ssigt bruk f\u00f6r tr\u00e4skydd vid j\u00e4rnv\u00e4gsbyggnad (<a title=\"Slipers\" href=\"https:\/\/sv.wikipedia.org\/wiki\/Slipers\">slipers<\/a>), linjebyggnad (el\/tele-stolpar) eller vattenbyggnad, d\u00e4r det \u00e4r n\u00f6dv\u00e4ndigt. SGS rekommenderar alltid trygghetspaketet som komplement f\u00f6r att f\u00e5 en mer komplett kunskap om vattnets kvalitet.<\/p>\n<p><strong>I\u00a0priset ing\u00e5r analys, provmaterial, provberedning och utskick av material.<\/strong><\/p>\n","protected":false},"featured_media":72,"template":"","meta":[],"product_brand":[],"product_cat":[20],"product_tag":[],"class_list":{"0":"post-71","1":"product","2":"type-product","3":"status-publish","4":"has-post-thumbnail","6":"product_cat-analyser","8":"first","9":"instock","10":"taxable","11":"shipping-taxable","12":"purchasable","13":"product-type-simple"},"yoast_head":"<!-- This site is optimized with the Yoast SEO plugin v27.3 - https:\/\/yoast.com\/product\/yoast-seo-wordpress\/ -->\r\n<title>Asfaltsrester<\/title>\r\n<meta name=\"robots\" content=\"index, follow, max-snippet:-1, max-image-preview:large, max-video-preview:-1\" \/>\r\n<link rel=\"canonical\" href=\"https:\/\/brunnsvatten.sgs.com\/index.php\/produkt\/asfaltsrester\/\" \/>\r\n<meta property=\"og:locale\" content=\"sv_SE\" \/>\r\n<meta property=\"og:type\" content=\"article\" \/>\r\n<meta property=\"og:title\" content=\"Asfaltsrester\" \/>\r\n<meta property=\"og:description\" content=\"Asfaltsrester analyseras i de fall d\u00e5 man misst\u00e4nker f\u00f6rorening fr\u00e5n asfalt, slipers, el- eller telefonstolpar. Analysen redovisas som Polycykliska aromatiska kolv\u00e4ten, ofta f\u00f6rkortat PAH vilket \u00e4r en grupp \u00e4mnen som finns i\u00a0stenkol\u00a0och\u00a0petroleum\u00a0samt bildas vid f\u00f6rbr\u00e4nning av organiskt material. PAH \u00e4r ofta f\u00f6rekommande i f\u00f6rorenade jordmassor. De f\u00f6rekommer \u00e4ven i\u00a0asfalt\u00a0lagd f\u00f6re 1970-talet i Sverige. Asfalten, som kallas\u00a0tj\u00e4rasfalt, hade ett\u00a0bindemedel\u00a0som bestod av\u00a0stenkolstj\u00e4ra\u00a0inneh\u00e5llande PAH. PAHer omfattar \u00e4ven kreosot \u00e4r klassat som\u00a0bek\u00e4mpningsmedel\u00a0mot r\u00f6tsvampar och dylikt. Det finns kraftiga restriktioner f\u00f6r anv\u00e4ndandet. Kreosot f\u00e5r, i Sverige, endast anv\u00e4ndas till yrkesm\u00e4ssigt bruk f\u00f6r tr\u00e4skydd vid j\u00e4rnv\u00e4gsbyggnad (slipers), linjebyggnad (el\/tele-stolpar) eller vattenbyggnad, d\u00e4r det \u00e4r n\u00f6dv\u00e4ndigt. SGS rekommenderar alltid trygghetspaketet som komplement f\u00f6r att f\u00e5 en mer komplett kunskap om vattnets kvalitet.  I\u00a0priset ing\u00e5r analys, provmaterial, provberedning och utskick av material.\" \/>\r\n<meta property=\"og:url\" content=\"https:\/\/brunnsvatten.sgs.com\/index.php\/produkt\/asfaltsrester\/\" \/>\r\n<meta property=\"og:site_name\" content=\"Brunnsvatten\" \/>\r\n<meta property=\"article:publisher\" content=\"https:\/\/www.facebook.com\/Brunnsvatten\" \/>\r\n<meta property=\"article:modified_time\" content=\"2026-01-23T08:20:27+00:00\" \/>\r\n<meta property=\"og:image\" content=\"https:\/\/brunnsvatten.sgs.com\/wp-content\/uploads\/2023\/10\/asfaltsrester.jpg\" \/>\r\n\t<meta property=\"og:image:width\" content=\"262\" \/>\r\n\t<meta property=\"og:image:height\" content=\"196\" \/>\r\n\t<meta property=\"og:image:type\" content=\"image\/jpeg\" \/>\r\n<meta name=\"twitter:card\" content=\"summary_large_image\" \/>\r\n<script type=\"application\/ld+json\" class=\"yoast-schema-graph\">{\"@context\":\"https:\\\/\\\/schema.org\",\"@graph\":[{\"@type\":\"WebPage\",\"@id\":\"https:\\\/\\\/brunnsvatten.sgs.com\\\/index.php\\\/produkt\\\/asfaltsrester\\\/\",\"url\":\"https:\\\/\\\/brunnsvatten.sgs.com\\\/index.php\\\/produkt\\\/asfaltsrester\\\/\",\"name\":\"Asfaltsrester\",\"isPartOf\":{\"@id\":\"https:\\\/\\\/brunnsvatten.sgs.com\\\/#website\"},\"primaryImageOfPage\":{\"@id\":\"https:\\\/\\\/brunnsvatten.sgs.com\\\/index.php\\\/produkt\\\/asfaltsrester\\\/#primaryimage\"},\"image\":{\"@id\":\"https:\\\/\\\/brunnsvatten.sgs.com\\\/index.php\\\/produkt\\\/asfaltsrester\\\/#primaryimage\"},\"thumbnailUrl\":\"https:\\\/\\\/brunnsvatten.sgs.com\\\/wp-content\\\/uploads\\\/2023\\\/10\\\/asfaltsrester.jpg\",\"datePublished\":\"2023-10-06T07:37:00+00:00\",\"dateModified\":\"2026-01-23T08:20:27+00:00\",\"breadcrumb\":{\"@id\":\"https:\\\/\\\/brunnsvatten.sgs.com\\\/index.php\\\/produkt\\\/asfaltsrester\\\/#breadcrumb\"},\"inLanguage\":\"sv-SE\",\"potentialAction\":[{\"@type\":\"ReadAction\",\"target\":[\"https:\\\/\\\/brunnsvatten.sgs.com\\\/index.php\\\/produkt\\\/asfaltsrester\\\/\"]}]},{\"@type\":\"ImageObject\",\"inLanguage\":\"sv-SE\",\"@id\":\"https:\\\/\\\/brunnsvatten.sgs.com\\\/index.php\\\/produkt\\\/asfaltsrester\\\/#primaryimage\",\"url\":\"https:\\\/\\\/brunnsvatten.sgs.com\\\/wp-content\\\/uploads\\\/2023\\\/10\\\/asfaltsrester.jpg\",\"contentUrl\":\"https:\\\/\\\/brunnsvatten.sgs.com\\\/wp-content\\\/uploads\\\/2023\\\/10\\\/asfaltsrester.jpg\",\"width\":262,\"height\":196},{\"@type\":\"BreadcrumbList\",\"@id\":\"https:\\\/\\\/brunnsvatten.sgs.com\\\/index.php\\\/produkt\\\/asfaltsrester\\\/#breadcrumb\",\"itemListElement\":[{\"@type\":\"ListItem\",\"position\":1,\"name\":\"Home\",\"item\":\"https:\\\/\\\/brunnsvatten.sgs.com\\\/\"},{\"@type\":\"ListItem\",\"position\":2,\"name\":\"Shop\",\"item\":\"https:\\\/\\\/brunnsvatten.sgs.com\\\/\"},{\"@type\":\"ListItem\",\"position\":3,\"name\":\"Asfaltsrester\"}]},{\"@type\":\"WebSite\",\"@id\":\"https:\\\/\\\/brunnsvatten.sgs.com\\\/#website\",\"url\":\"https:\\\/\\\/brunnsvatten.sgs.com\\\/\",\"name\":\"Brunnsvatten: SGS Webbshop\",\"description\":\"Vatten \u00e4r ett av v\u00e5ra viktigaste livsmedel och vi p\u00e5 SGS vill g\u00f6ra det tryggt f\u00f6r alla att dricka sitt vatten.\",\"publisher\":{\"@id\":\"https:\\\/\\\/brunnsvatten.sgs.com\\\/#organization\"},\"alternateName\":\"Brunnsvatten\",\"potentialAction\":[{\"@type\":\"SearchAction\",\"target\":{\"@type\":\"EntryPoint\",\"urlTemplate\":\"https:\\\/\\\/brunnsvatten.sgs.com\\\/?s={search_term_string}\"},\"query-input\":{\"@type\":\"PropertyValueSpecification\",\"valueRequired\":true,\"valueName\":\"search_term_string\"}}],\"inLanguage\":\"sv-SE\"},{\"@type\":\"Organization\",\"@id\":\"https:\\\/\\\/brunnsvatten.sgs.com\\\/#organization\",\"name\":\"SGS Analytics Sweden AB\",\"url\":\"https:\\\/\\\/brunnsvatten.sgs.com\\\/\",\"logo\":{\"@type\":\"ImageObject\",\"inLanguage\":\"sv-SE\",\"@id\":\"https:\\\/\\\/brunnsvatten.sgs.com\\\/#\\\/schema\\\/logo\\\/image\\\/\",\"url\":\"https:\\\/\\\/brunnsvatten.sgs.com\\\/wp-content\\\/uploads\\\/2023\\\/10\\\/SGS_brunnsvatten.png\",\"contentUrl\":\"https:\\\/\\\/brunnsvatten.sgs.com\\\/wp-content\\\/uploads\\\/2023\\\/10\\\/SGS_brunnsvatten.png\",\"width\":651,\"height\":78,\"caption\":\"SGS Analytics Sweden AB\"},\"image\":{\"@id\":\"https:\\\/\\\/brunnsvatten.sgs.com\\\/#\\\/schema\\\/logo\\\/image\\\/\"},\"sameAs\":[\"https:\\\/\\\/www.facebook.com\\\/Brunnsvatten\"]}]}<\/script>\r\n<!-- \/ Yoast SEO plugin. -->","yoast_head_json":{"title":"Asfaltsrester","robots":{"index":"index","follow":"follow","max-snippet":"max-snippet:-1","max-image-preview":"max-image-preview:large","max-video-preview":"max-video-preview:-1"},"canonical":"https:\/\/brunnsvatten.sgs.com\/index.php\/produkt\/asfaltsrester\/","og_locale":"sv_SE","og_type":"article","og_title":"Asfaltsrester","og_description":"Asfaltsrester analyseras i de fall d\u00e5 man misst\u00e4nker f\u00f6rorening fr\u00e5n asfalt, slipers, el- eller telefonstolpar. Analysen redovisas som Polycykliska aromatiska kolv\u00e4ten, ofta f\u00f6rkortat PAH vilket \u00e4r en grupp \u00e4mnen som finns i\u00a0stenkol\u00a0och\u00a0petroleum\u00a0samt bildas vid f\u00f6rbr\u00e4nning av organiskt material. PAH \u00e4r ofta f\u00f6rekommande i f\u00f6rorenade jordmassor. De f\u00f6rekommer \u00e4ven i\u00a0asfalt\u00a0lagd f\u00f6re 1970-talet i Sverige. Asfalten, som kallas\u00a0tj\u00e4rasfalt, hade ett\u00a0bindemedel\u00a0som bestod av\u00a0stenkolstj\u00e4ra\u00a0inneh\u00e5llande PAH. PAHer omfattar \u00e4ven kreosot \u00e4r klassat som\u00a0bek\u00e4mpningsmedel\u00a0mot r\u00f6tsvampar och dylikt. Det finns kraftiga restriktioner f\u00f6r anv\u00e4ndandet. Kreosot f\u00e5r, i Sverige, endast anv\u00e4ndas till yrkesm\u00e4ssigt bruk f\u00f6r tr\u00e4skydd vid j\u00e4rnv\u00e4gsbyggnad (slipers), linjebyggnad (el\/tele-stolpar) eller vattenbyggnad, d\u00e4r det \u00e4r n\u00f6dv\u00e4ndigt. SGS rekommenderar alltid trygghetspaketet som komplement f\u00f6r att f\u00e5 en mer komplett kunskap om vattnets kvalitet.  I\u00a0priset ing\u00e5r analys, provmaterial, provberedning och utskick av material.","og_url":"https:\/\/brunnsvatten.sgs.com\/index.php\/produkt\/asfaltsrester\/","og_site_name":"Brunnsvatten","article_publisher":"https:\/\/www.facebook.com\/Brunnsvatten","article_modified_time":"2026-01-23T08:20:27+00:00","og_image":[{"width":262,"height":196,"url":"https:\/\/brunnsvatten.sgs.com\/wp-content\/uploads\/2023\/10\/asfaltsrester.jpg","type":"image\/jpeg"}],"twitter_card":"summary_large_image","schema":{"@context":"https:\/\/schema.org","@graph":[{"@type":"WebPage","@id":"https:\/\/brunnsvatten.sgs.com\/index.php\/produkt\/asfaltsrester\/","url":"https:\/\/brunnsvatten.sgs.com\/index.php\/produkt\/asfaltsrester\/","name":"Asfaltsrester","isPartOf":{"@id":"https:\/\/brunnsvatten.sgs.com\/#website"},"primaryImageOfPage":{"@id":"https:\/\/brunnsvatten.sgs.com\/index.php\/produkt\/asfaltsrester\/#primaryimage"},"image":{"@id":"https:\/\/brunnsvatten.sgs.com\/index.php\/produkt\/asfaltsrester\/#primaryimage"},"thumbnailUrl":"https:\/\/brunnsvatten.sgs.com\/wp-content\/uploads\/2023\/10\/asfaltsrester.jpg","datePublished":"2023-10-06T07:37:00+00:00","dateModified":"2026-01-23T08:20:27+00:00","breadcrumb":{"@id":"https:\/\/brunnsvatten.sgs.com\/index.php\/produkt\/asfaltsrester\/#breadcrumb"},"inLanguage":"sv-SE","potentialAction":[{"@type":"ReadAction","target":["https:\/\/brunnsvatten.sgs.com\/index.php\/produkt\/asfaltsrester\/"]}]},{"@type":"ImageObject","inLanguage":"sv-SE","@id":"https:\/\/brunnsvatten.sgs.com\/index.php\/produkt\/asfaltsrester\/#primaryimage","url":"https:\/\/brunnsvatten.sgs.com\/wp-content\/uploads\/2023\/10\/asfaltsrester.jpg","contentUrl":"https:\/\/brunnsvatten.sgs.com\/wp-content\/uploads\/2023\/10\/asfaltsrester.jpg","width":262,"height":196},{"@type":"BreadcrumbList","@id":"https:\/\/brunnsvatten.sgs.com\/index.php\/produkt\/asfaltsrester\/#breadcrumb","itemListElement":[{"@type":"ListItem","position":1,"name":"Home","item":"https:\/\/brunnsvatten.sgs.com\/"},{"@type":"ListItem","position":2,"name":"Shop","item":"https:\/\/brunnsvatten.sgs.com\/"},{"@type":"ListItem","position":3,"name":"Asfaltsrester"}]},{"@type":"WebSite","@id":"https:\/\/brunnsvatten.sgs.com\/#website","url":"https:\/\/brunnsvatten.sgs.com\/","name":"Brunnsvatten: SGS Webbshop","description":"Vatten \u00e4r ett av v\u00e5ra viktigaste livsmedel och vi p\u00e5 SGS vill g\u00f6ra det tryggt f\u00f6r alla att dricka sitt vatten.","publisher":{"@id":"https:\/\/brunnsvatten.sgs.com\/#organization"},"alternateName":"Brunnsvatten","potentialAction":[{"@type":"SearchAction","target":{"@type":"EntryPoint","urlTemplate":"https:\/\/brunnsvatten.sgs.com\/?s={search_term_string}"},"query-input":{"@type":"PropertyValueSpecification","valueRequired":true,"valueName":"search_term_string"}}],"inLanguage":"sv-SE"},{"@type":"Organization","@id":"https:\/\/brunnsvatten.sgs.com\/#organization","name":"SGS Analytics Sweden AB","url":"https:\/\/brunnsvatten.sgs.com\/","logo":{"@type":"ImageObject","inLanguage":"sv-SE","@id":"https:\/\/brunnsvatten.sgs.com\/#\/schema\/logo\/image\/","url":"https:\/\/brunnsvatten.sgs.com\/wp-content\/uploads\/2023\/10\/SGS_brunnsvatten.png","contentUrl":"https:\/\/brunnsvatten.sgs.com\/wp-content\/uploads\/2023\/10\/SGS_brunnsvatten.png","width":651,"height":78,"caption":"SGS Analytics Sweden AB"},"image":{"@id":"https:\/\/brunnsvatten.sgs.com\/#\/schema\/logo\/image\/"},"sameAs":["https:\/\/www.facebook.com\/Brunnsvatten"]}]}},"_links":{"self":[{"href":"https:\/\/brunnsvatten.sgs.com\/index.php\/wp-json\/wp\/v2\/product\/71","targetHints":{"allow":["GET"]}}],"collection":[{"href":"https:\/\/brunnsvatten.sgs.com\/index.php\/wp-json\/wp\/v2\/product"}],"about":[{"href":"https:\/\/brunnsvatten.sgs.com\/index.php\/wp-json\/wp\/v2\/types\/product"}],"wp:featuredmedia":[{"embeddable":true,"href":"https:\/\/brunnsvatten.sgs.com\/index.php\/wp-json\/wp\/v2\/media\/72"}],"wp:attachment":[{"href":"https:\/\/brunnsvatten.sgs.com\/index.php\/wp-json\/wp\/v2\/media?parent=71"}],"wp:term":[{"taxonomy":"product_brand","embeddable":true,"href":"https:\/\/brunnsvatten.sgs.com\/index.php\/wp-json\/wp\/v2\/product_brand?post=71"},{"taxonomy":"product_cat","embeddable":true,"href":"https:\/\/brunnsvatten.sgs.com\/index.php\/wp-json\/wp\/v2\/product_cat?post=71"},{"taxonomy":"product_tag","embeddable":true,"href":"https:\/\/brunnsvatten.sgs.com\/index.php\/wp-json\/wp\/v2\/product_tag?post=71"}],"curies":[{"name":"wp","href":"https:\/\/api.w.org\/{rel}","templated":true}]}}